{"id":3,"date":"2022-02-17T21:50:10","date_gmt":"2022-02-17T21:50:10","guid":{"rendered":"https:\/\/www.sealand.com.mx\/monterrey\/?page_id=3"},"modified":"2024-07-22T04:26:27","modified_gmt":"2024-07-22T04:26:27","slug":"aviso-de-privacidad","status":"publish","type":"page","link":"https:\/\/www.sealand.com.mx\/monterrey\/aviso-de-privacidad\/","title":{"rendered":"Aviso de Privacidad"},"content":{"rendered":"\t\t<div data-elementor-type=\"wp-page\" data-elementor-id=\"3\" class=\"elementor elementor-3\" data-elementor-post-type=\"page\">\n\t\t\t\t\t\t<section class=\"elementor-section elementor-top-section elementor-element elementor-element-64b2d61 elementor-section-boxed elementor-section-height-default elementor-section-height-default\" data-id=\"64b2d61\" data-element_type=\"section\">\n\t\t\t\t\t\t<div class=\"elementor-container elementor-column-gap-default\">\n\t\t\t\t\t<div class=\"elementor-column elementor-col-100 elementor-top-column elementor-element elementor-element-4aa4d94\" data-id=\"4aa4d94\" data-element_type=\"column\">\n\t\t\t<div class=\"elementor-widget-wrap elementor-element-populated\">\n\t\t\t\t\t\t<div class=\"elementor-element elementor-element-4bd9b65 elementor-widget elementor-widget-text-editor\" data-id=\"4bd9b65\" data-element_type=\"widget\" data-widget_type=\"text-editor.default\">\n\t\t\t\t<div class=\"elementor-widget-container\">\n\t\t\t\t\t\t\t<p>El presente Aviso de Privacidad se emite en cumplimiento a lo dispuesto por la Ley Federal de Protecci\u00f3n de Datos Personales en Posesi\u00f3n de los Particulares (en adelante la \u201cLey&#8221;), su reglamento (el \u201cReglamento\u201d) y al Reglamento (UE) 2016\/679 del Parlamento Europeo y del Consejo, de 27 de abril de 2016 (conocido como \u201cRGPD\u201d).\u00a0<\/p><p>I. RESPONSABLE: La sociedad ACUARIO DEL OESTE, S.A. DE C.V. con domicilio en AVENIDA ANTONIO DOVALI JAIME, No. 70, TORRE A PISO 8, COLONIA LOMAS DE SANTA FE, ALCALD\u00cdA ALVARO OBREG\u00d3N, CIUDAD DE M\u00c9XICO, C.P. 01219, as\u00ed como sus sociedades subsidiarias, afiliadas o del mismo grupo empresarial (en adelante &#8221; ACUARIO DEL OESTE &#8220;) es la empresa responsable del uso y protecci\u00f3n de sus datos personales y, al respecto, le informa a EL TITULAR sobre sus pol\u00edticas de tratamiento de datos personales y medidas de seguridad conforme a lo establecido en el presente aviso.\u00a0<\/p><p>II. FINALIDAD DEL AVISO: El presente aviso de privacidad tiene como finalidad informar a toda persona que proporcione sus datos a ACUARIO DEL OESTE (en lo sucesivo \u201cEL TITULAR\u201d), acerca de las pol\u00edticas que sigue ACUARIO DEL OESTE para recabar datos personales, realizar un correcto tratamiento para las finalidades principales y secundarias aqu\u00ed establecidas, las medidas de cuidado que toma para mantener la confidencialidad de sus datos personales y los mecanismos que pone a su disposici\u00f3n para atender consultas relacionadas con sus derechos de acceso, rectificaci\u00f3n, cancelaci\u00f3n y oposici\u00f3n (conocidos como \u201cderechos ARCO\u201d).<\/p><p>III. FORMA DE DISPOSICI\u00d3N DEL AVISO: La exhibici\u00f3n del presente aviso a EL TITULAR se podr\u00e1 realizar a trav\u00e9s de medios impresos, digitales o v\u00eda telef\u00f3nica, pero siempre en forma previa a recabar sus datos personales. El presente aviso de privacidad estar\u00e1 disponible \u00edntegramente en todo momento en la p\u00e1gina de internet www.sealand.com.mx.<\/p><p>IV. DATOS PERSONALES QUE SER\u00c1N RECABADOS: Los datos personales que recabamos son los siguientes: nombre, nacionalidad, fecha de nacimiento, domicilio, ciudad y pa\u00eds de residencia, n\u00famero(s) telef\u00f3nico(s), correo electr\u00f3nico (email), fotograf\u00eda, ocupaci\u00f3n y compa\u00f1\u00eda para la cual trabaja, nombres en redes sociales (Facebook, Twitter, Instagram, Snapchat y cualquier otra red social actual o futura) y la informaci\u00f3n bancaria de sus tarjetas de d\u00e9bito o cr\u00e9dito, u otras formas de pago como PAYPAL, que hayan sido utilizadas por EL TITULAR\u00a0 para la contrataci\u00f3n de los productos o servicios ofrecidos por ACUARIO DEL OESTE.\u00a0<\/p><p>En caso de que EL TITULAR acceda a la p\u00e1gina de internet www.sealand.com.mx o a los perfiles de ACUARIO DEL OESTE en redes sociales (Facebook, Twitter, Instagram, Snapchat y cualquier otra red social actual o futura) tambi\u00e9n le ser\u00e1n recabados los siguientes datos: direcci\u00f3n de IP, tipo de navegador de Internet, preferencias de navegaci\u00f3n en nuestro sitio de Internet, p\u00e1ginas de Internet que visita. En caso de no estar de acuerdo con lo anterior, EL TITULAR podr\u00e1 desactivar las cookies y web beacons conforme a lo establecido en el numeral IX. denominado \u201cIX. USO DE COOKIES Y WEB BEACONS\u201d.<\/p><p>La protecci\u00f3n de la privacidad de los datos personales de los menores de edad, son especialmente importantes para ACUARIO DEL OESTE, raz\u00f3n por la cual, en cuanto tengamos conocimiento de datos personales de menores de edad, su tratamiento se llevar\u00e1 a cabo cumpliendo en todo momento con los lineamientos y requerimientos establecidos en la Ley y su Reglamento. ACUARIO DEL OESTE \u00fanicamente permitir\u00e1 la compra de sus productos o servicios a menores de edad cuando estas sean realizadas por su padres o tutores, seg\u00fan el caso, quien deber\u00e1n otorgar su consentimiento al tratamiento de los datos personales.<\/p><p>V. FINALIDADES DEL USO DE SUS DATOS PERSONALES: Los datos personales recabados ser\u00e1n utilizados \u00fanicamente para las finalidades que se describen a continuaci\u00f3n:<\/p><p>1) FINALIDADES PRINCIPALES: Los datos personales que recabamos de usted ser\u00e1n utilizados para actividades que son necesarias para los servicios que EL TITULAR solicita, tales como los siguientes:\u00a0<\/p><p>a) La gesti\u00f3n de reservaciones, compras de productos o servicios, la cotizaci\u00f3n de eventos y en general la atenci\u00f3n al cliente.<\/p><p>b) La identificaci\u00f3n y acceso de EL TITULAR a las instalaciones de ACUARIO DEL OESTE donde se prestan los servicios.<\/p><p>c) La prestaci\u00f3n de servicios de atenci\u00f3n al cliente, a trav\u00e9s de chats, correo electr\u00f3nico, por tel\u00e9fono u otros medios.<\/p><p>d) La recopilaci\u00f3n, uso, gesti\u00f3n, almacenamiento y elaboraci\u00f3n de una base de datos de clientes y personas relacionas con ACUARIO DEL OESTE, as\u00ed como las actividades tendientes al mantenimiento y actualizaci\u00f3n de la base de datos, que permita ofrecer un mejor servicio.<\/p><p>e) El cobro y facturaci\u00f3n de los productos y servicios ofrecidos por ACUARIO DEL OESTE.<\/p><p>e) Evaluar la calidad de los productos y servicios ofrecidos por ACUARIO DEL OESTE.<\/p><p>f) El cumplimiento de las obligaciones que ACUARIO DEL OESTE ha contra\u00eddo con EL TITULAR.<\/p><p>2) FINALIDADES SECUNDARIAS:\u00a0<\/p><p>a) La realizaci\u00f3n de concursos, eventos promocionales, sorteos, rifas y todo tipo de actividades promocionales organizadas por ACUARIO DEL OESTE.<\/p><p>b) El env\u00edo de comunicaciones promocionales relacionadas con cualquier producto o servicio disponibles en la p\u00e1gina de internet www.sealand.com.mx o a los perfiles de ACUARIO DEL OESTE en redes sociales (Facebook, Twitter, Instagram, Snapchat y cualquier otra red social actual o futura).<\/p><p>c) El env\u00edo de comunicaciones promocionales sobre actividades especiales organizadas por ACUARIO DEL OESTE.<\/p><p>d) Para conocer los intereses de los usuarios y ofrecer mejoras en los productos y servicios.<\/p><p>e) Para mejorar la experiencia de los usuarios en la p\u00e1gina de internet www.sealand.com.mx y en los perfiles de en redes sociales.\u00a0<\/p><p>En caso de que EL TITULAR manifieste no estar de acuerdo con el uso de sus datos personales para alguna o algunas de las finalidades secundarias deber\u00e1 manifestarlo al momento de otorgar su consentimiento. La negativa para el uso de las finalidades secundarias no ser\u00e1 motivo para negar la prestaci\u00f3n de los servicios y productos ofertados por ACUARIO DEL OESTE.<\/p><p>VI. PLAZO DE CONVERSACI\u00d3N: Debido a la naturaleza de los servicios ofrecidos por ACUARIO DEL OESTE, los datos personales ser\u00e1n conservados hasta la fecha en que EL TITULAR solicite la cancelaci\u00f3n de los mismos o que, ACUARIO DEL OESTE, como parte de la actualizaci\u00f3n de su base de datos, considere que dicha informaci\u00f3n debe ser depurada por ya no ser necesaria para el cumplimiento de los fines establecidos en el presente aviso.<\/p><p>VII. TRANSFERENCIA DE DATOS PERSONALES A TERCEROS: Los datos personales que sean recabados no ser\u00e1n comercializados, vendidos, cedidos o traspasados en forma alguna con fines de lucro a ning\u00fan tercero.\u00a0<\/p><p>Las transferencias que ACUARIO DEL OESTE realice de sus datos personales ser\u00e1n \u00fanicamente con su consentimiento previo o, sin necesidad de consentimiento, en los casos permitidos por la Ley, como es el caso de las trasferencias de datos a las empresas subsidiarias, afiliadas o del mismo grupo empresarial de ACUARIO DEL OESTE o cuando sea necesario para cumplir con sus obligaciones legales, como las transferencias a autoridades mexicanas y extranjeras con el objeto de dar cumplimiento a las obligaciones derivadas de leyes o tratados internacionales. En caso de que ACUARIO DEL OESTE realice alguna transferencia adicional que requiera su consentimiento expreso, se recabar\u00e1 el mismo previamente.\u00a0<\/p><p>VIII. P\u00c1GINAS O ENLACES DE TERCEROS: Se le informa a EL TITULAR que cualquier enlace al que acceda distinto a la p\u00e1gina www.sealand.com.mx, es ajeno a ACUARIO DEL OESTE, por lo que EL TITULAR asume su responsabilidad absoluta de revisar las pol\u00edticas y condiciones de tratamiento de datos y confidencialidad del enlace de que se trate, mencionando de forma enunciativa m\u00e1s no limitativa: portales de pago, p\u00e1ginas de terceros relacionados con los servicios ofrecidos por ACUARIO DEL OESTE, publicidad externa, as\u00ed como cualquier otra ventana o enlace que sea distinto a la p\u00e1gina www.sealand.com.mx.<\/p><p>IX. USO DE COOKIES Y WEB BEACONS: Se hace aviso a EL TITULAR que la p\u00e1gina de internet www.sealand.com.mx utiliza cookies y web beacons. Las cookies son archivos descargados autom\u00e1ticamente y almacenados en su equipo de c\u00f3mputo al navegar un sitio de Internet, que permiten recordar al servidor de Internet datos sobre el usuario y sus preferencias de navegaci\u00f3n. Las web beacons son im\u00e1genes insertadas en un sitio de Internet o correo electr\u00f3nico que pueden ser utilizadas para recabar ciertos datos y monitorear el comportamiento del usuario en el sitio de Internet o almacenar su direcci\u00f3n de IP. El uso de Cookies y\/o Web Beacons, tiene como finalidad brindar una mejor experiencia durante su navegaci\u00f3n en los diferentes sitios, as\u00ed como guardar informaci\u00f3n sobre su acceso para mejorar la seguridad de su cuenta, definir preferencias de contenido y personalizar informaci\u00f3n en base a los intereses de sus usuarios o seguimiento a sus compras en l\u00ednea.\u00a0<\/p><p>EL TITULAR podr\u00e1 deshabilitar el uso de cookies y web beacons a trav\u00e9s del bot\u00f3n de \u201cayuda\u201d que se encuentra en la barra de herramientas de la mayor\u00eda de los navegadores, te dir\u00e1 c\u00f3mo evitar aceptar nuevos cookies, c\u00f3mo hacer que el navegador te notifique cuando recibe un nuevo cookie o c\u00f3mo deshabilitar todos los cookies.<\/p><p>X. ENCARGADO DEL TRATAMIENTO DE DATOS: Se informa a EL TITULAR que ACUARIO DEL OESTE cuenta con un departamento encargado de atender las consultas relacionadas con el uso y tratamiento de sus datos personales, as\u00ed como aquellas relacionadas con el ejercicio de sus derechos ARCO. El responsable de dicho departamento es el se\u00f1or Victor L\u00f3pez de Mendoza Villa, a quien podr\u00e1 dirigir sus consultas por escrito al domicilio siguiente AVENIDA ANTONIO DOVALI JAIME, No. 70, TORRE A PISO 8, COLONIA LOMAS DE SANTA FE, ALCALD\u00cdA ALVARO OBREG\u00d3N, CIUDAD DE M\u00c9XICO, C.P. 01219, o por correo electr\u00f3nico a la siguiente direcci\u00f3n: arco@sealand.com.mx<\/p><p>XI. EJERCICIO DE DERECHOS ARCO: Se informa a EL TITULAR que, en cumplimiento con lo establecido por la Ley y su Reglamento, tiene los siguientes derechos:<\/p><p>a) Acceso: Tiene derecho a solicitar a ACUARIO DEL OESTE un informe sobre los datos personales que fueron recabados, el tratamiento que se le da y las condiciones del uso. En el ejercicio de este derecho podr\u00e1 solicitar una copia electr\u00f3nica de dicha informaci\u00f3n.<\/p><p>b) Rectificaci\u00f3n: Tiene derecho a solicitar a ACUARIO DEL OESTE la correcci\u00f3n de su informaci\u00f3n personal en caso de que est\u00e9 desactualizada, sea inexacta o incompleta.<\/p><p>c) Cancelaci\u00f3n: Tiene derecho a solicitar que se eliminen sus datos personales de los registros o bases de datos de ACUARIO DEL OESTE cuando no est\u00e9n siendo utilizados para los fines para los cuales fue recabada o cuando su tratamiento no cumpla con los principios, deberes y obligaciones previstas en la normativa.<\/p><p>d) Oposici\u00f3n: Tiene derecho a solicitar a ACUARIO DEL OESTE que no utilice (o que deje de utilizar) sus datos personales para fines espec\u00edficos.<\/p><p>Para el ejercicio de estos derechos, EL TITULAR deber\u00e1 presentar, personalmente o a trav\u00e9s de un representante legal con facultades espec\u00edficas, una solicitud por escrito o correo electr\u00f3nico dirigida al encargado de tratamiento de datos personales, descrito en el punto inmediatamente anterior y deber\u00e1 contener la siguiente informaci\u00f3n:<\/p><p>i. El nombre de EL TITULAR y domicilio u otro medio para comunicarle la respuesta a su solicitud;<\/p><p>ii. Los documentos que acrediten su identidad o, en su caso, su debida representaci\u00f3n legal;<\/p><p>iii. La descripci\u00f3n clara y precisa de los datos personales respecto de los que se busca ejercer alguno de los derechos antes mencionados;<\/p><p>iv. Cualquier otro elemento o documento que facilite la localizaci\u00f3n de los datos personales; y<\/p><p>v. En el caso de solicitudes de rectificaci\u00f3n, deber\u00e1 indicar las modificaciones a realizarse y aportar la documentaci\u00f3n que sustente su petici\u00f3n.<\/p><p>Cualquier solicitud que no cumpla con dichos requisitos podr\u00e1 ser rechazada por ACUARIO DEL OESTE hasta en tanto no sea subsanada.<\/p><p>Las solicitudes que cumplan con los requisitos mencionados ser\u00e1n atendidas dentro de los 20 d\u00edas h\u00e1biles siguientes a la fecha en que se recibi\u00f3 la solicitud. En caso de que la solicitud sea procedente, ACUARIO DEL OESTE har\u00e1 efectivo su cumplimiento dentro de los 15 d\u00edas h\u00e1biles siguientes a la fecha en que haya comunicado su respuesta a EL TITULAR. Los plazos aqu\u00ed descritos podr\u00e1n duplicarse por una sola vez cuando las circunstancias del caso lo justifiquen.<\/p><p>En caso de que, por alguna causa justificada establecida en la Ley o el Reglamento, no sea posible cumplir con la solicitud, ACUARIO DEL OESTE deber\u00e1 comunicar a EL TITULAR su negativa total o parcial informando el motivo de su decisi\u00f3n, acompa\u00f1ando las pruebas que resulten pertinentes.\u00a0<\/p><p>XII. REVOCACI\u00d3N DEL CONSENTIMIENTO PARA EL USO DE SUS DATOS PERSONALES: Se informa a EL TITULAR que podr\u00e1 revocar, total o parcialmente, su consentimiento para el uso de sus datos personales en caso de que estime que son utilizados para fines distintos a los cuales fueron recabados. Para ello, deber\u00e1 presentar una solicitud conforme a los requisitos, el procedimiento y los plazos establecidos en el numeral XI. denominado \u201cEJERCICIO DE DERECHOS ARCO\u201d.\u00a0<\/p><p>La cancelaci\u00f3n de datos personales dar\u00e1 lugar a un periodo de bloqueo tras el cual se proceder\u00e1 a la supresi\u00f3n de los datos. ACUARIO DEL OESTE podr\u00e1 conservar los datos personales exclusivamente para efectos de las responsabilidades nacidas del tratamiento. El periodo de bloqueo ser\u00e1 equivalente al plazo de prescripci\u00f3n de las acciones derivadas de la relaci\u00f3n jur\u00eddica que funda el tratamiento en los t\u00e9rminos de la Ley aplicable en la materia. Una vez cancelados los datos se dar\u00e1 aviso a EL TITULAR.\u00a0<\/p><p>XIII. CUMPLIMIENTO DE DISPOSICIONES DEL RGPD DE LA UNI\u00d3N EUROPEA: En caso de que EL TITULAR sea nacional o residente de la Uni\u00f3n Europea, se le informa que ACUARIO DEL OESTE, en cumplimiento a las disposiciones establecidas por el RGPD, ha tomado diversas medidas para la protecci\u00f3n de sus datos personales, mencionando entre ellas las siguientes:<\/p><p>a. El reconocimiento de derechos adicionales: Conforme a lo dispuesto por el RGPD, ACUARIO DEL OESTE reconoce los siguientes derechos de EL TITULAR:<\/p><p>i. Derecho de limitaci\u00f3n del tratamiento: Es el derecho de EL TITULAR a obtener ACUARIO DEL OESTE la limitaci\u00f3n del tratamiento de sus datos en los casos siguientes:<\/p><p>Cuando se impugne la exactitud de los datos personales, durante un plazo que permita verificar su exactitud;<br \/>Cuando su tratamiento sea il\u00edcito y EL TITULAR se oponga a la supresi\u00f3n y en su lugar solicite la limitaci\u00f3n de su uso;<br \/>Cuando ACUARIO DEL OESTE ya no necesite los datos personales para los fines del tratamiento, pero EL TITULAR los necesite para formular o ejercer sus derechos.<br \/>Cuando EL TITULAR se haya opuesto a su tratamiento, mientras se verifica si los motivos leg\u00edtimos de ACUARIO DEL OESTE prevalecen sobre los de EL TITULAR.<\/p><p>En dichos casos, ACUARIO DEL OESTE \u00fanicamente podr\u00e1 continuar el tratamiento de los datos personales con el consentimiento de EL TITULAR o en alguna de las excepciones establecidas por la Ley, el Reglamento o el RGPD.<\/p><p>ii. Derecho a la portabilidad de los datos: Es el derecho a recibir los datos personales que le incumban, que haya facilitado a ACUARIO DEL OESTE, en un formato estructurado, de uso com\u00fan y lectura mec\u00e1nica, y a transmitirlos a otro responsable del tratamiento cuando el tratamiento se efect\u00fae por medios automatizados.<\/p><p>iii. Derecho a las decisiones individuales automatizadas: Es el derecho a no ser objeto de una decisi\u00f3n basada \u00fanicamente en el tratamiento automatizado, incluida la elaboraci\u00f3n de perfiles, que produzca efectos jur\u00eddicos en \u00e9l o le afecte significativamente de modo similar, salvo que sea necesario para la prestaci\u00f3n de los servicios que ACUARIO DEL OESTE le ofrezca.<\/p><p>Los derechos aqu\u00ed referidos se podr\u00e1n ejercer, cuando aplique, conforme a los requisitos, el procedimiento y los plazos establecidos en el numeral XI. denominado \u201cEJERCICIO DE DERECHOS ARCO\u201d.\u00a0<\/p><p>b) Registro de las actividades del tratamiento de datos: Conforme a lo dispuesto por el RGPD, ACUARIO DEL OESTE se obliga a celebrar un contrato con el encargado del tratamiento, se\u00f1alado en el numeral X. denominado \u201cENCARGADO DEL TRATAMIENTO DE DATOS\u201d, quien tendr\u00e1 como obligaci\u00f3n llevar un registro de las actividades de tratamiento efectuadas bajo su responsabilidad conforme a lo establecido por el RGPD.<\/p><p>XIV. AUTORIDAD DE CONTROL: Se informa a EL TITULAR que, para la atenci\u00f3n de cualquier queja o reclamaci\u00f3n relacionada con el presente aviso, que no haya sido debidamente atendida por ACUARIO DEL OESTE dentro de los plazos y formas establecidos en el presente aviso, podr\u00e1 acudir ante el Instituto Nacional de Transparencia, Acceso a la Informaci\u00f3n y Protecci\u00f3n de Datos Personales (por sus siglas \u201cINAI\u201d). Las consultas a esta autoridad pueden ser dirigidas al tel\u00e9fono 018008354324, al correo electr\u00f3nico atencion@inai.org.mx o por escrito al domicilio ubicado en la direcci\u00f3n: Av. Insurgentes Sur, # 3211, Planta Baja, Colonia Insurgentes Cuicuilco, Delegaci\u00f3n Coyoac\u00e1n, C.P. 04530, Ciudad de M\u00e9xico.<\/p><p>XV. MEDIDAS DE SEGURIDAD: Se informa a EL TITULAR que ACUARIO DEL OESTE tomar\u00e1 medidas de seguridad organizacionales y t\u00e9cnicas razonables para prevenir la p\u00e9rdida, uso indebido, alteraci\u00f3n o divulgaci\u00f3n ilegal de su informaci\u00f3n y datos personales, mismos que exigimos sean cumplidos por los proveedores de servicios que contrata, inclusive trat\u00e1ndose de servicios que prestan las empresas subsidiarias, afiliadas o del mismo grupo empresarial de ACUARIO DEL OESTE.\u00a0<\/p><p>Entre las medidas de seguridad que ACUARIO DEL OESTE podr\u00e1 tomar para el cuidado de su informaci\u00f3n personal se encuentran las siguientes:<\/p><p>a. Restringir el acceso de su personal a las bases de datos f\u00edsicas o digitales donde consten los datos personales recabados.<\/p><p>b. El uso de llaves, contrase\u00f1as y el cifrado de documentos para los archivos f\u00edsicos y digitales donde se guarden los datos personales.<\/p><p>c. El uso de antivirus y firewalls para evitar el acceso no autorizado por parte de hackers.<\/p><p>d. Cualquier otra medida de seguridad que estime pertinente.<\/p><p>En caso de existir una vulneraci\u00f3n a las medidas de seguridad, ACUARIO DEL OESTE se obliga a tomar las medidas necesarias para evaluar el impacto de la vulneraci\u00f3n y tomar las medidas que resulten necesarias para resarcir los da\u00f1os causados en su sistema de seguridad. En su caso, ACUARIO DEL OESTE deber\u00e1 avisar a EL TITULAR cuando estime que la vulneraci\u00f3n pueda causarle alg\u00fan perjuicio.<\/p><p>XVI. MODIFICACIONES AL AVISO DE PRIVACIDAD: En caso de que por cualquier motivo ACUARIO DEL OESTE llegare a realizar alg\u00fan cambio o modificaci\u00f3n al presente Aviso de Privacidad, dichos cambios ser\u00e1n anunciados en la p\u00e1gina de internet www.sealand.com.mx, donde podr\u00e1n consultarse las actualizaciones , cambios o modificaciones que sufra el presente aviso para cumplir con los requerimientos legales, para ofrecerle nuevos productos o servicios, para mejorar nuevos pol\u00edticas de privacidad o por cualquier otra causa que resulte necesaria.\u00a0<\/p><p>XVII. CONSENTIMIENTO: Usted manifiesta su consentimiento para el tratamiento de sus datos personales de acuerdo a los t\u00e9rminos y condiciones de este Aviso de Privacidad, salvo las reservas que expresamente manifieste.\u00a0<\/p><p>Fecha de \u00faltima actualizaci\u00f3n de este Aviso de Privacidad: julio\/2023.<\/p>\t\t\t\t\t\t<\/div>\n\t\t\t\t<\/div>\n\t\t\t\t<div class=\"elementor-element elementor-element-74f49bb elementor-widget elementor-widget-spacer\" data-id=\"74f49bb\" data-element_type=\"widget\" data-widget_type=\"spacer.default\">\n\t\t\t\t<div class=\"elementor-widget-container\">\n\t\t\t\t\t<div class=\"elementor-spacer\">\n\t\t\t<div class=\"elementor-spacer-inner\"><\/div>\n\t\t<\/div>\n\t\t\t\t<\/div>\n\t\t\t\t<\/div>\n\t\t\t\t\t<\/div>\n\t\t<\/div>\n\t\t\t\t\t<\/div>\n\t\t<\/section>\n\t\t\t\t<\/div>\n\t\t","protected":false},"excerpt":{"rendered":"<p>El presente Aviso de Privacidad se emite en cumplimiento a lo dispuesto por la Ley Federal de Protecci\u00f3n de Datos Personales en Posesi\u00f3n de los Particulares (en adelante la \u201cLey&#8221;), su reglamento (el \u201cReglamento\u201d) y al Reglamento (UE) 2016\/679 del Parlamento Europeo y del Consejo, de 27 de abril de 2016 (conocido como \u201cRGPD\u201d).\u00a0 I. [&hellip;]<\/p>\n","protected":false},"author":1,"featured_media":0,"parent":0,"menu_order":0,"comment_status":"closed","ping_status":"closed","template":"","meta":{"rank_math_lock_modified_date":false,"footnotes":""},"_links":{"self":[{"href":"https:\/\/www.sealand.com.mx\/monterrey\/wp-json\/wp\/v2\/pages\/3"}],"collection":[{"href":"https:\/\/www.sealand.com.mx\/monterrey\/wp-json\/wp\/v2\/pages"}],"about":[{"href":"https:\/\/www.sealand.com.mx\/monterrey\/wp-json\/wp\/v2\/types\/page"}],"author":[{"embeddable":true,"href":"https:\/\/www.sealand.com.mx\/monterrey\/wp-json\/wp\/v2\/users\/1"}],"replies":[{"embeddable":true,"href":"https:\/\/www.sealand.com.mx\/monterrey\/wp-json\/wp\/v2\/comments?post=3"}],"version-history":[{"count":23,"href":"https:\/\/www.sealand.com.mx\/monterrey\/wp-json\/wp\/v2\/pages\/3\/revisions"}],"predecessor-version":[{"id":6956,"href":"https:\/\/www.sealand.com.mx\/monterrey\/wp-json\/wp\/v2\/pages\/3\/revisions\/6956"}],"wp:attachment":[{"href":"https:\/\/www.sealand.com.mx\/monterrey\/wp-json\/wp\/v2\/media?parent=3"}],"curies":[{"name":"wp","href":"https:\/\/api.w.org\/{rel}","templated":true}]}}